{"id":6047,"date":"2020-05-14T21:56:18","date_gmt":"2020-05-14T19:56:18","guid":{"rendered":"https:\/\/tendenciashabitat.com\/?page_id=6047"},"modified":"2026-02-09T12:01:05","modified_gmt":"2026-02-09T11:01:05","slug":"publicaciones-2","status":"publish","type":"page","link":"https:\/\/tendenciashabitat.com\/?page_id=6047","title":{"rendered":"Publicaciones"},"content":{"rendered":"\n<h2>CUADERNOS DE TENDENCIAS DEL H\u00c1BITAT<\/h2>\n\n\n\n<p>Las Tendencias del H\u00e1bitat pretenden dar una idea del panorama general de los cambios en el dise\u00f1o de productos para el h\u00e1bitat.<\/p>\n\n\n\n<p>Los Cuadernos presentan las tendencias m\u00e1s interesantes recopiladas por el Observatorio de Tendencias del H\u00e1bitat, relacionadas con claves socioculturales, de entorno y de comunicaci\u00f3n, que pretenden ayudar al dise\u00f1ador, al director de marketing o comunicaci\u00f3n, y a la empresa en general, a trabajar con las tendencias y aplicarlas en su trabajo diario. <\/p>\n\n\n\n<p>Os invitamos a que visualic\u00e9is la colecci\u00f3n de 5 cuadernos y ojal\u00e1 pod\u00e1is hacer buen uso de ellos. Mientras tanto, nosotros ponemos en marcha el siguiente Cuaderno.<\/p>\n\n\n\n<p><em>Todas las publicaciones son de acceso gratuito.<\/em><\/p>\n\n\n\n<div style=\"height:53px\" aria-hidden=\"true\" class=\"wp-block-spacer\"><\/div>\n\n\n\n<div class=\"wp-block-columns\">\n<div class=\"wp-block-column\">\n<figure class=\"wp-block-image size-large\"><a href=\"https:\/\/www.aidimme.es\/cuadernoOTH2026\/\" target=\"_blank\" rel=\"noreferrer noopener\"><img loading=\"lazy\" width=\"419\" height=\"237\" src=\"https:\/\/tendenciashabitat.com\/wp-content\/uploads\/sites\/5\/2025\/12\/Cuaderno-2026.jpg\" alt=\"\" class=\"wp-image-7046\" srcset=\"https:\/\/tendenciashabitat.com\/wp-content\/uploads\/sites\/5\/2025\/12\/Cuaderno-2026.jpg 419w, https:\/\/tendenciashabitat.com\/wp-content\/uploads\/sites\/5\/2025\/12\/Cuaderno-2026-300x170.jpg 300w\" sizes=\"(max-width: 419px) 100vw, 419px\" \/><\/a><\/figure>\n<\/div>\n\n\n\n<div class=\"wp-block-column\">\n<figure class=\"wp-block-image size-large\"><a href=\"https:\/\/www.aidimme.es\/cuadernoOTH2022\/\" target=\"_blank\" rel=\"noreferrer noopener\"><img loading=\"lazy\" width=\"419\" height=\"237\" src=\"https:\/\/tendenciashabitat.com\/wp-content\/uploads\/sites\/5\/2022\/07\/PORTADA.jpg\" alt=\"\" class=\"wp-image-6868\" srcset=\"https:\/\/tendenciashabitat.com\/wp-content\/uploads\/sites\/5\/2022\/07\/PORTADA.jpg 419w, https:\/\/tendenciashabitat.com\/wp-content\/uploads\/sites\/5\/2022\/07\/PORTADA-300x170.jpg 300w\" sizes=\"(max-width: 419px) 100vw, 419px\" \/><\/a><\/figure>\n<\/div>\n\n\n\n<div class=\"wp-block-column\">\n<figure class=\"wp-block-image size-large\"><a href=\"https:\/\/payhip.com\/b\/1pjo\" target=\"_blank\" rel=\"noreferrer noopener\"><img loading=\"lazy\" width=\"560\" height=\"315\" src=\"https:\/\/tendenciashabitat.com\/wp-content\/uploads\/sites\/5\/2020\/05\/4-4.png\" alt=\"\" class=\"wp-image-6348\" srcset=\"https:\/\/tendenciashabitat.com\/wp-content\/uploads\/sites\/5\/2020\/05\/4-4.png 560w, https:\/\/tendenciashabitat.com\/wp-content\/uploads\/sites\/5\/2020\/05\/4-4-300x169.png 300w\" sizes=\"(max-width: 560px) 100vw, 560px\" \/><\/a><\/figure>\n<\/div>\n<\/div>\n\n\n\n<div class=\"wp-block-columns\">\n<div class=\"wp-block-column\">\n<figure class=\"wp-block-image size-large\"><a href=\"https:\/\/payhip.com\/b\/NosZ\" target=\"_blank\" rel=\"noreferrer noopener\"><img loading=\"lazy\" width=\"560\" height=\"315\" src=\"https:\/\/tendenciashabitat.com\/wp-content\/uploads\/sites\/5\/2020\/05\/3-3.png\" alt=\"\" class=\"wp-image-6340\" srcset=\"https:\/\/tendenciashabitat.com\/wp-content\/uploads\/sites\/5\/2020\/05\/3-3.png 560w, https:\/\/tendenciashabitat.com\/wp-content\/uploads\/sites\/5\/2020\/05\/3-3-300x169.png 300w\" sizes=\"(max-width: 560px) 100vw, 560px\" \/><\/a><\/figure>\n<\/div>\n\n\n\n<div class=\"wp-block-column\">\n<figure class=\"wp-block-image size-large\"><a href=\"https:\/\/payhip.com\/b\/4VxI\" target=\"_blank\" rel=\"noreferrer noopener\"><img loading=\"lazy\" width=\"560\" height=\"315\" src=\"https:\/\/tendenciashabitat.com\/wp-content\/uploads\/sites\/5\/2020\/05\/2-5.png\" alt=\"\" class=\"wp-image-6347\" srcset=\"https:\/\/tendenciashabitat.com\/wp-content\/uploads\/sites\/5\/2020\/05\/2-5.png 560w, https:\/\/tendenciashabitat.com\/wp-content\/uploads\/sites\/5\/2020\/05\/2-5-300x169.png 300w\" sizes=\"(max-width: 560px) 100vw, 560px\" \/><\/a><\/figure>\n<\/div>\n\n\n\n<div class=\"wp-block-column\">\n<figure class=\"wp-block-image size-large\"><a href=\"https:\/\/payhip.com\/b\/lz8f\" target=\"_blank\" rel=\"noopener noreferrer\"><img loading=\"lazy\" width=\"560\" height=\"315\" src=\"https:\/\/tendenciashabitat.com\/wp-content\/uploads\/sites\/5\/2020\/05\/1-2.png\" alt=\"\" class=\"wp-image-6338\" srcset=\"https:\/\/tendenciashabitat.com\/wp-content\/uploads\/sites\/5\/2020\/05\/1-2.png 560w, https:\/\/tendenciashabitat.com\/wp-content\/uploads\/sites\/5\/2020\/05\/1-2-300x169.png 300w\" sizes=\"(max-width: 560px) 100vw, 560px\" \/><\/a><\/figure>\n<\/div>\n<\/div>\n\n\n\n<div style=\"height:100px\" aria-hidden=\"true\" class=\"wp-block-spacer\"><\/div>\n\n\n\n<h2>MONOGR\u00c1FICOS<\/h2>\n\n\n\n<p class=\"has-normal-font-size\">Los monogr\u00e1ficos son publicaciones que contribuyen a que el dise\u00f1o estrat\u00e9gico forme parte, cada vez m\u00e1s, del valor diferencial de nuestra industria en el mercado global. <\/p>\n\n\n\n<div style=\"height:46px\" aria-hidden=\"true\" class=\"wp-block-spacer\"><\/div>\n\n\n\n<div class=\"wp-block-columns\">\n<div class=\"wp-block-column\">\n<figure class=\"wp-block-image size-large\"><a href=\"https:\/\/payhip.com\/b\/ZGNvM\" target=\"_blank\" rel=\"noreferrer noopener\"><img loading=\"lazy\" width=\"560\" height=\"315\" src=\"https:\/\/tendenciashabitat.com\/wp-content\/uploads\/sites\/5\/2024\/06\/materiales-innovadores-3.png\" alt=\"\" class=\"wp-image-6969\" srcset=\"https:\/\/tendenciashabitat.com\/wp-content\/uploads\/sites\/5\/2024\/06\/materiales-innovadores-3.png 560w, https:\/\/tendenciashabitat.com\/wp-content\/uploads\/sites\/5\/2024\/06\/materiales-innovadores-3-300x169.png 300w\" sizes=\"(max-width: 560px) 100vw, 560px\" \/><\/a><\/figure>\n\n\n\n<figure class=\"wp-block-image size-large\"><a href=\"https:\/\/payhip.com\/b\/zuZd\" target=\"_blank\" rel=\"noreferrer noopener\"><img loading=\"lazy\" width=\"560\" height=\"315\" src=\"https:\/\/tendenciashabitat.com\/wp-content\/uploads\/sites\/5\/2020\/05\/Negro-Blanco-Gris-Foto-Hombre-Blog-Banner-3.png\" alt=\"\" class=\"wp-image-6138\" srcset=\"https:\/\/tendenciashabitat.com\/wp-content\/uploads\/sites\/5\/2020\/05\/Negro-Blanco-Gris-Foto-Hombre-Blog-Banner-3.png 560w, https:\/\/tendenciashabitat.com\/wp-content\/uploads\/sites\/5\/2020\/05\/Negro-Blanco-Gris-Foto-Hombre-Blog-Banner-3-300x169.png 300w\" sizes=\"(max-width: 560px) 100vw, 560px\" \/><\/a><\/figure>\n<\/div>\n\n\n\n<div class=\"wp-block-column\">\n<figure class=\"wp-block-image size-large\"><a href=\"https:\/\/payhip.com\/b\/lR4g\" target=\"_blank\" rel=\"noreferrer noopener\"><img loading=\"lazy\" width=\"560\" height=\"315\" src=\"https:\/\/tendenciashabitat.com\/wp-content\/uploads\/sites\/5\/2020\/05\/horeca.png\" alt=\"\" class=\"wp-image-6131\" srcset=\"https:\/\/tendenciashabitat.com\/wp-content\/uploads\/sites\/5\/2020\/05\/horeca.png 560w, https:\/\/tendenciashabitat.com\/wp-content\/uploads\/sites\/5\/2020\/05\/horeca-300x169.png 300w\" sizes=\"(max-width: 560px) 100vw, 560px\" \/><\/a><\/figure>\n\n\n\n<figure class=\"wp-block-image size-large\"><a href=\"https:\/\/payhip.com\/b\/ASj1\" target=\"_blank\" rel=\"noreferrer noopener\"><img loading=\"lazy\" width=\"560\" height=\"315\" src=\"http:\/\/www.tendenciashabitat.es\/wp-content\/uploads\/sites\/5\/2020\/05\/Aplicar_tendencias.png\" alt=\"\" class=\"wp-image-6135\" srcset=\"https:\/\/tendenciashabitat.com\/wp-content\/uploads\/sites\/5\/2020\/05\/Aplicar_tendencias.png 560w, https:\/\/tendenciashabitat.com\/wp-content\/uploads\/sites\/5\/2020\/05\/Aplicar_tendencias-300x169.png 300w\" sizes=\"(max-width: 560px) 100vw, 560px\" \/><\/a><\/figure>\n<\/div>\n\n\n\n<div class=\"wp-block-column\">\n<figure class=\"wp-block-image size-large\"><a href=\"https:\/\/payhip.com\/b\/zm9W\" target=\"_blank\" rel=\"noreferrer noopener\"><img loading=\"lazy\" width=\"560\" height=\"315\" src=\"https:\/\/tendenciashabitat.com\/wp-content\/uploads\/sites\/5\/2020\/05\/Negro-Blanco-Gris-Foto-Hombre-Blog-Banner-2.png\" alt=\"\" class=\"wp-image-6136\" srcset=\"https:\/\/tendenciashabitat.com\/wp-content\/uploads\/sites\/5\/2020\/05\/Negro-Blanco-Gris-Foto-Hombre-Blog-Banner-2.png 560w, https:\/\/tendenciashabitat.com\/wp-content\/uploads\/sites\/5\/2020\/05\/Negro-Blanco-Gris-Foto-Hombre-Blog-Banner-2-300x169.png 300w\" sizes=\"(max-width: 560px) 100vw, 560px\" \/><\/a><\/figure>\n\n\n\n<figure class=\"wp-block-image size-large\"><a href=\"https:\/\/payhip.com\/b\/2a04\" target=\"_blank\" rel=\"noopener noreferrer\"><img loading=\"lazy\" width=\"560\" height=\"315\" src=\"https:\/\/tendenciashabitat.com\/wp-content\/uploads\/sites\/5\/2020\/05\/Habitar.png\" alt=\"\" class=\"wp-image-6134\" srcset=\"https:\/\/tendenciashabitat.com\/wp-content\/uploads\/sites\/5\/2020\/05\/Habitar.png 560w, https:\/\/tendenciashabitat.com\/wp-content\/uploads\/sites\/5\/2020\/05\/Habitar-300x169.png 300w\" sizes=\"(max-width: 560px) 100vw, 560px\" \/><\/a><\/figure>\n<\/div>\n<\/div>\n\n\n\n<div style=\"height:100px\" aria-hidden=\"true\" class=\"wp-block-spacer\"><\/div>\n\n\n\n<h2>INFORMES SOBRE TENDENCIAS <\/h2>\n\n\n\n<div class=\"wp-block-columns\">\n<div class=\"wp-block-column\">\n<figure class=\"wp-block-image size-large\"><a href=\"https:\/\/payhip.com\/b\/lN6Ce\"><img loading=\"lazy\" width=\"461\" height=\"237\" src=\"https:\/\/tendenciashabitat.com\/wp-content\/uploads\/sites\/5\/2024\/07\/p.png\" alt=\"\" class=\"wp-image-7008\" srcset=\"https:\/\/tendenciashabitat.com\/wp-content\/uploads\/sites\/5\/2024\/07\/p.png 461w, https:\/\/tendenciashabitat.com\/wp-content\/uploads\/sites\/5\/2024\/07\/p-300x154.png 300w\" sizes=\"(max-width: 461px) 100vw, 461px\" \/><\/a><\/figure>\n\n\n\n<p><\/p>\n<\/div>\n\n\n\n<div class=\"wp-block-column\"><\/div>\n\n\n\n<div class=\"wp-block-column\"><\/div>\n<\/div>\n\n\n\n<div class=\"wp-block-columns\">\n<div class=\"wp-block-column\">\n<figure class=\"wp-block-image size-large\"><a href=\"https:\/\/payhip.com\/b\/xCW1V\"><img loading=\"lazy\" width=\"419\" height=\"237\" src=\"https:\/\/tendenciashabitat.com\/wp-content\/uploads\/sites\/5\/2022\/09\/15.png\" alt=\"\" class=\"wp-image-6912\" srcset=\"https:\/\/tendenciashabitat.com\/wp-content\/uploads\/sites\/5\/2022\/09\/15.png 419w, https:\/\/tendenciashabitat.com\/wp-content\/uploads\/sites\/5\/2022\/09\/15-300x170.png 300w\" sizes=\"(max-width: 419px) 100vw, 419px\" \/><\/a><\/figure>\n<\/div>\n\n\n\n<div class=\"wp-block-column\">\n<figure class=\"wp-block-image size-large\"><img loading=\"lazy\" width=\"420\" height=\"236\" src=\"https:\/\/tendenciashabitat.com\/wp-content\/uploads\/sites\/5\/2021\/05\/14b.png\" alt=\"\" class=\"wp-image-6784\" srcset=\"https:\/\/tendenciashabitat.com\/wp-content\/uploads\/sites\/5\/2021\/05\/14b.png 420w, https:\/\/tendenciashabitat.com\/wp-content\/uploads\/sites\/5\/2021\/05\/14b-300x169.png 300w\" sizes=\"(max-width: 420px) 100vw, 420px\" \/><\/figure>\n<\/div>\n\n\n\n<div class=\"wp-block-column\">\n<figure class=\"wp-block-image size-large\"><a href=\"https:\/\/payhip.com\/b\/MqIQJ\" target=\"_blank\" rel=\"noopener noreferrer\"><img loading=\"lazy\" width=\"419\" height=\"237\" src=\"https:\/\/tendenciashabitat.com\/wp-content\/uploads\/sites\/5\/2023\/06\/16.png\" alt=\"\" class=\"wp-image-6958\" srcset=\"https:\/\/tendenciashabitat.com\/wp-content\/uploads\/sites\/5\/2023\/06\/16.png 419w, https:\/\/tendenciashabitat.com\/wp-content\/uploads\/sites\/5\/2023\/06\/16-300x170.png 300w\" sizes=\"(max-width: 419px) 100vw, 419px\" \/><\/a><\/figure>\n<\/div>\n<\/div>\n\n\n\n<div class=\"wp-block-columns\">\n<div class=\"wp-block-column\">\n<figure class=\"wp-block-image size-large\"><a href=\"https:\/\/payhip.com\/b\/SIQN\" target=\"_blank\" rel=\"noreferrer noopener\"><img loading=\"lazy\" width=\"560\" height=\"315\" src=\"https:\/\/tendenciashabitat.com\/wp-content\/uploads\/sites\/5\/2020\/05\/tendencias-superficies.png\" alt=\"\" class=\"wp-image-6362\" srcset=\"https:\/\/tendenciashabitat.com\/wp-content\/uploads\/sites\/5\/2020\/05\/tendencias-superficies.png 560w, https:\/\/tendenciashabitat.com\/wp-content\/uploads\/sites\/5\/2020\/05\/tendencias-superficies-300x169.png 300w\" sizes=\"(max-width: 560px) 100vw, 560px\" \/><\/a><\/figure>\n<\/div>\n\n\n\n<div class=\"wp-block-column\">\n<figure class=\"wp-block-image size-large\"><a href=\"https:\/\/payhip.com\/b\/BQhE\" target=\"_blank\" rel=\"noreferrer noopener\"><img loading=\"lazy\" width=\"560\" height=\"315\" src=\"https:\/\/tendenciashabitat.com\/wp-content\/uploads\/sites\/5\/2020\/05\/11.png\" alt=\"\" class=\"wp-image-6343\" srcset=\"https:\/\/tendenciashabitat.com\/wp-content\/uploads\/sites\/5\/2020\/05\/11.png 560w, https:\/\/tendenciashabitat.com\/wp-content\/uploads\/sites\/5\/2020\/05\/11-300x169.png 300w\" sizes=\"(max-width: 560px) 100vw, 560px\" \/><\/a><\/figure>\n<\/div>\n\n\n\n<div class=\"wp-block-column\">\n<figure class=\"wp-block-image size-large\"><a href=\"https:\/\/payhip.com\/b\/mSW8\" target=\"_blank\" rel=\"noreferrer noopener\"><img loading=\"lazy\" width=\"560\" height=\"315\" src=\"https:\/\/tendenciashabitat.com\/wp-content\/uploads\/sites\/5\/2020\/05\/12.png\" alt=\"\" class=\"wp-image-6344\" srcset=\"https:\/\/tendenciashabitat.com\/wp-content\/uploads\/sites\/5\/2020\/05\/12.png 560w, https:\/\/tendenciashabitat.com\/wp-content\/uploads\/sites\/5\/2020\/05\/12-300x169.png 300w\" sizes=\"(max-width: 560px) 100vw, 560px\" \/><\/a><\/figure>\n<\/div>\n<\/div>\n\n\n\n<div class=\"wp-block-columns\">\n<div class=\"wp-block-column\">\n<figure class=\"wp-block-image size-large\"><a href=\"https:\/\/payhip.com\/b\/faGr\" target=\"_blank\" rel=\"noreferrer noopener\"><img loading=\"lazy\" width=\"560\" height=\"315\" src=\"https:\/\/tendenciashabitat.com\/wp-content\/uploads\/sites\/5\/2020\/05\/13.png\" alt=\"\" class=\"wp-image-6345\" srcset=\"https:\/\/tendenciashabitat.com\/wp-content\/uploads\/sites\/5\/2020\/05\/13.png 560w, https:\/\/tendenciashabitat.com\/wp-content\/uploads\/sites\/5\/2020\/05\/13-300x169.png 300w\" sizes=\"(max-width: 560px) 100vw, 560px\" \/><\/a><\/figure>\n<\/div>\n\n\n\n<div class=\"wp-block-column\">\n<figure class=\"wp-block-image size-large\"><a href=\"https:\/\/payhip.com\/b\/B2sr\" target=\"_blank\" rel=\"noreferrer noopener\"><img loading=\"lazy\" width=\"560\" height=\"315\" src=\"https:\/\/tendenciashabitat.com\/wp-content\/uploads\/sites\/5\/2020\/05\/14.png\" alt=\"\" class=\"wp-image-6352\" srcset=\"https:\/\/tendenciashabitat.com\/wp-content\/uploads\/sites\/5\/2020\/05\/14.png 560w, https:\/\/tendenciashabitat.com\/wp-content\/uploads\/sites\/5\/2020\/05\/14-300x169.png 300w\" sizes=\"(max-width: 560px) 100vw, 560px\" \/><\/a><\/figure>\n<\/div>\n\n\n\n<div class=\"wp-block-column\">\n<figure class=\"wp-block-image size-large\"><a href=\"https:\/\/payhip.com\/b\/GePv\" target=\"_blank\" rel=\"noreferrer noopener\"><img loading=\"lazy\" width=\"560\" height=\"315\" src=\"https:\/\/tendenciashabitat.com\/wp-content\/uploads\/sites\/5\/2020\/05\/15.png\" alt=\"\" class=\"wp-image-6353\" srcset=\"https:\/\/tendenciashabitat.com\/wp-content\/uploads\/sites\/5\/2020\/05\/15.png 560w, https:\/\/tendenciashabitat.com\/wp-content\/uploads\/sites\/5\/2020\/05\/15-300x169.png 300w\" sizes=\"(max-width: 560px) 100vw, 560px\" \/><\/a><\/figure>\n<\/div>\n<\/div>\n\n\n\n<div style=\"height:100px\" aria-hidden=\"true\" class=\"wp-block-spacer\"><\/div>\n\n\n\n<hr class=\"wp-block-separator\"\/>\n\n\n\n<div class=\"wp-block-columns\">\n<div class=\"wp-block-column\"><\/div>\n\n\n\n<div class=\"wp-block-column\">\n<p class=\"has-text-align-left\">Financiado por:<\/p>\n\n\n\n<figure class=\"wp-block-image size-large\"><img loading=\"lazy\" width=\"1024\" height=\"263\" src=\"https:\/\/tendenciashabitat.com\/wp-content\/uploads\/sites\/5\/2024\/07\/IVACEi_GENERALITAT_01_CONSELLERIA_VAL-1024x263.png\" alt=\"\" class=\"wp-image-6983\" srcset=\"https:\/\/tendenciashabitat.com\/wp-content\/uploads\/sites\/5\/2024\/07\/IVACEi_GENERALITAT_01_CONSELLERIA_VAL-1024x263.png 1024w, https:\/\/tendenciashabitat.com\/wp-content\/uploads\/sites\/5\/2024\/07\/IVACEi_GENERALITAT_01_CONSELLERIA_VAL-300x77.png 300w, https:\/\/tendenciashabitat.com\/wp-content\/uploads\/sites\/5\/2024\/07\/IVACEi_GENERALITAT_01_CONSELLERIA_VAL-768x197.png 768w, https:\/\/tendenciashabitat.com\/wp-content\/uploads\/sites\/5\/2024\/07\/IVACEi_GENERALITAT_01_CONSELLERIA_VAL-1536x394.png 1536w, https:\/\/tendenciashabitat.com\/wp-content\/uploads\/sites\/5\/2024\/07\/IVACEi_GENERALITAT_01_CONSELLERIA_VAL.png 1632w\" sizes=\"(max-width: 1024px) 100vw, 1024px\" \/><\/figure>\n<\/div>\n\n\n\n<div class=\"wp-block-column\"><\/div>\n<\/div>\n<!-- AddThis Advanced Settings generic via filter on the_content --><!-- AddThis Share Buttons generic via filter on the_content -->","protected":false},"excerpt":{"rendered":"<p>CUADERNOS DE TENDENCIAS DEL H\u00c1BITAT Las Tendencias del H\u00e1bitat pretenden dar una idea del panorama general de los cambios en el dise\u00f1o de productos para el h\u00e1bitat. Los Cuadernos presentan las tendencias m\u00e1s interesantes recopiladas por el Observatorio de Tendencias del H\u00e1bitat, relacionadas con claves socioculturales,&#46;&#46;&#46;<!-- AddThis Advanced Settings generic via filter on get_the_excerpt --><!-- AddThis Share Buttons generic via filter on get_the_excerpt --><\/p>\n","protected":false},"author":93,"featured_media":0,"parent":0,"menu_order":0,"comment_status":"closed","ping_status":"closed","template":"","meta":{"_mi_skip_tracking":false,"_links_to":"","_links_to_target":""},"_links":{"self":[{"href":"https:\/\/tendenciashabitat.com\/index.php?rest_route=\/wp\/v2\/pages\/6047"}],"collection":[{"href":"https:\/\/tendenciashabitat.com\/index.php?rest_route=\/wp\/v2\/pages"}],"about":[{"href":"https:\/\/tendenciashabitat.com\/index.php?rest_route=\/wp\/v2\/types\/page"}],"author":[{"embeddable":true,"href":"https:\/\/tendenciashabitat.com\/index.php?rest_route=\/wp\/v2\/users\/93"}],"replies":[{"embeddable":true,"href":"https:\/\/tendenciashabitat.com\/index.php?rest_route=%2Fwp%2Fv2%2Fcomments&post=6047"}],"version-history":[{"count":47,"href":"https:\/\/tendenciashabitat.com\/index.php?rest_route=\/wp\/v2\/pages\/6047\/revisions"}],"predecessor-version":[{"id":7053,"href":"https:\/\/tendenciashabitat.com\/index.php?rest_route=\/wp\/v2\/pages\/6047\/revisions\/7053"}],"wp:attachment":[{"href":"https:\/\/tendenciashabitat.com\/index.php?rest_route=%2Fwp%2Fv2%2Fmedia&parent=6047"}],"curies":[{"name":"wp","href":"https:\/\/api.w.org\/{rel}","templated":true}]}}